3?
1731
What is the remainder when 116331 is divided by 27?
15
Calculate the remainder when 311925 is divided by 62375.
50
What is the remainder when 4152 is divided by 99?
93
Calculate the remainder when 22628 is divided by 7542.
2
Calculate the remainder when 144185 is divided by 42.
41
What is the remainder when 14443 is divided by 2401?
37
What is the remainder when 287878 is divided by 143933?
12
What is the remainder when 34958 is divided by 3884?
2
What is the remainder when 37301 is divided by 64?
53
What is the remainder when 101601 is divided by 1129?
1120
What is the remainder when 41545 is divided by 47?
44
Calculate the remainder when 22320 is divided by 20484.
1836
Calculate the remainder when 50316 is divided by 740.
736
Calculate the remainder when 16449 is divided by 917.
860
Calculate the remainder when 1110 is divided by 69.
6
What is the remainder when 1693 is divided by 132?
109
Calculate the remainder when 572216 is divided by 36.
32
Calculate the remainder when 15011 is divided by 200.
11
What is the remainder when 84126 is divided by 79?
70
Calculate the remainder when 174140 is divided by 7571.
7
Calculate the remainder when 1133 is divided by 284.
281
Calculate the remainder when 10846 is divided by 1546.
24
What is the remainder when 674498 is divided by 20?
18
Calculate the remainder when 973587 is divided by 23.
20
Calculate the remainder when 71939 is divided by 12.
11
Calculate the remainder when 2612265 is divided by 17.
11
Calculate the remainder when 14342 is divided by 479.
451
Calculate the remainder when 39983 is divided by 227.
31
What is the remainder when 20274 is divided by 103?
86
What is the remainder when 4893 is divided by 48?
45
What is the remainder when 76156 is divided by 76125?
31
What is the remainder when 10345 is divided by 20?
5
Calculate the remainder when 18769 is divided by 41.
32
What is the remainder when 101643 is divided by 50817?
9
What is the remainder when 288853 is divided by 72211?
9
Calculate the remainder when 1511 is divided by 585.
341
What is the remainder when 9129 is divided by 2268?
57
What is the remainder when 101955 is divided by 142?
141
What is the remainder when 1317 is divided by 32?
5
What is the remainder when 20992 is divided by 55?
37
What is the remainder when 30889 is divided by 216?
1
What is the remainder when 7754 is divided by 7720?
34
Calculate the remainder when 2948422 is divided by 4.
2
What is the remainder when 19083 is divided by 54?
21
Calculate the remainder when 157652 is divided by 527.
79
Calculate the remainder when 1601711 is divided by 98.
97
Calculate the remainder when 77836 is divided by 113.
92
What is the remainder when 3845 is divided by 122?
63
What is the remainder when 16781 is divided by 25?
6
What is the remainder when 2820 is divided by 177?
165
Calculate the remainder when 11438 is divided by 309.
5
Calculate the remainder when 22093 is divided by 416.
45
What is the remainder when 220314 is divided by 480?
474
Calculate the remainder when 12147 is divided by 2998.
155
What is the remainder when 6543 is divided by 820?
803
Calculate the remainder when 133028 is divided by 21.
14
What is the remainder when 2959 is divided by 993?
973
Calculate the remainder when 1421209 is divided by 14.
13
What is the remainder when 5065 is divided by 2367?
331
What is the remainder when 476815 is divided by 69?
25
What is the remainder when 7816 is divided by 609?
508
What is the remainder when 4269 is divided by 890?
709
Calculate the remainder when 66409 is divided by 730.
709
What is the remainder when 10657 is divided by 3547?
16
What is the remainder when 28266 is divided by 3?
0
Calculate the remainder when 86005 is divided by 165.
40
Calculate the remainder when 8248 is divided by 30.
28
What is the remainder when 101705 is divided by 94?
91
What is the remainder when 3006 is divided by 365?
86
What is the remainder when 26784 is divided by 3347?
8
Calculate the remainder when 174015 is divided by 58005.
0
What is the remainder when 75920 is divided by 11?
9
Calculate the remainder when 8531 is divided by 2803.
122
What is the remainder when 2649 is divided by 808?
225
Calculate the remainder when 697 is divided by 666.
31
Calculate the remainder when 6982 is divided by 517.
261
What is the remainder when 28557 is divided by 162?
45
What is the remainder when 191614 is divided by 4673?
21
What is the remainder when 5114 is divided by 75?
14
What is the remainder when 109119 is divided by 341?
340
What is the remainder when 41808 is divided by 543?
540
What is the remainder when 49467 is divided by 3295?
42
What is the remainder when 19564 is divided by 558?
34
What is the remainder when 197271 is divided by 98631?
9
What is the remainder when 41191 is divided by 69?
67
What is the remainder when 63645 is divided by 624?
621
Calculate the remainder when 22665 is divided by 19.
17
Calculate the remainder when 1512177 is divided by 226.
11
Calculate the remainder when 121438 is divided by 32.
30
Calculate the remainder when 260725 is divided by 218.
215
What is the remainder when 16091 is divided by 434?
33
What is the remainder when 4860 is divided by 437?
53
Calculate the remainder when 59033 is divided by 720.
713
Calculate the remainder when 4455 is divided by 2217.
21
What is the remainder when 377168 is divided by 61?
5
Calculate the remainder when 585884 is divided by 54.
38
Calculate the remainder when 1631 is divided by 1570.
61
Calculate the remainder when 466910 is divided by 42.
38
Calculate the remainder when 1278 is divided by 55.
13
Calculate the remainder when 5587 is divided by 5367.
220
What is the remainder when 252563 is divided by 9019?
31
What is the remainder when 10933 is divided by 3577?
202
Calculate the remainder when 26669 is divided by 55.
49
What is the remainder when 8182 is divided by 297?
163
Calculate the remainder when 1456 is divided by 213.
178
Calculate the remainder when 73114 is divided by 46.
20
Calculate the remainder when 53122 is divided by 2208.
130
Calculate the remainder when 156972 is divided by 35.
32
Calculate the remainder when 97539 is divided by 508.
3
What is the remainder when 85127 is divided by 66?
53
What is the remainder when 674301 is divided by 116?
109
What is the remainder when 313320 is divided by 156655?
10
What is the remainder when 2690 is divided by 619?
214
Calculate the remainder when 55661 is divided by 98.
95
Calculate the remainder when 323621 is divided by 136.
77
What is the remainder when 491950 is divided by 50?
0
What is the remainder when 3447 is divided by 55?
37
Calculate the remainder when 351894 is divided by 75.
69
Calculate the remainder when 34537 is divided by 23.
14
What is the remainder when 27871 is divided by 77?
74
What is the remainder when 29409 is divided by 516?
513
Calculate the remainder when 119411 is divided by 8525.
61
Calculate the remainder when 2428 is divided by 130.
88
Calculate the remainder when 1492 is divided by 963.
529
Calculate the remainder when 6050 is divided by 1409.
414
What is the remainder when 5934 is divided by 132?
126
What is the remainder when 1089 is divided by 412?
265
Calculate the remainder when 1299472 is divided by 25.
22
What is the remainder when 11569 is divided by 3826?
91
Calculate the remainder when 345047 is divided by 206.
203
What is the remainder when 262431 is divided by 687?
684
What is the remainder when 1402 is divided by 574?
254
What is the remainder when 5718 is divided by 44?
42
What is the remainder when 3309 is divided by 205?
29
Calculate the remainder when 9655 is divided by 275.
30
What is the remainder when 14293 is divided by 293?
229
What is the remainder when 7011 is divided by 22?
15
Calculate the remainder when 12200 is divided by 871.
6
Calculate the remainder when 24908 is divided by 326.
132
Calculate the remainder when 1123993 is divided by 19.
10
Calculate the remainder when 2012 is divided by 125.
12
Calculate the remainder when 19376 is divided by 229.
140
Calculate the remainder when 62295 is divided by 205.
180
What is the remainder when 4329 is divided by 4303?
26
What is the remainder when 35954 is divided by 404?
402
What is the remainder when 13926 is divided by 2